[INFO] cloning repository https://github.com/wilbertom/gitignore
[INFO] running `Command { std: "git" "-c" "credential.helper=" "-c" "credential.helper=/workspace/cargo-home/bin/git-credential-null" "clone" "--bare" "https://github.com/wilbertom/gitignore" "/workspace/cache/git-repos/https%3A%2F%2Fgithub.com%2Fwilbertom%2Fgitignore", kill_on_drop: false }`
[INFO] [stderr] Cloning into bare repository '/workspace/cache/git-repos/https%3A%2F%2Fgithub.com%2Fwilbertom%2Fgitignore'...
[INFO] running `Command { std: "git" "rev-parse" "HEAD", kill_on_drop: false }`
[INFO] [stdout] 9ec9a63dde923fe0fb091b876b751615549d735d
[INFO] checking wilbertom/gitignore against master#af3c6e733a40e671550e0f0f5aeecaa13772ba56 for pr-74989
[INFO] running `Command { std: "git" "clone" "/workspace/cache/git-repos/https%3A%2F%2Fgithub.com%2Fwilbertom%2Fgitignore" "/workspace/builds/worker-11/source", kill_on_drop: false }`
[INFO] [stderr] Cloning into '/workspace/builds/worker-11/source'...
[INFO] [stderr] done.
[INFO] validating manifest of git repo https://github.com/wilbertom/gitignore on toolchain af3c6e733a40e671550e0f0f5aeecaa13772ba56
[INFO] running `Command { std: "/workspace/cargo-home/bin/cargo" "+af3c6e733a40e671550e0f0f5aeecaa13772ba56" "read-manifest" "--manifest-path" "Cargo.toml", kill_on_drop: false }`
[INFO] started tweaking git repo https://github.com/wilbertom/gitignore
[INFO] finished tweaking git repo https://github.com/wilbertom/gitignore
[INFO] tweaked toml for git repo https://github.com/wilbertom/gitignore written to /workspace/builds/worker-11/source/Cargo.toml
[INFO] crate git repo https://github.com/wilbertom/gitignore already has a lockfile, it will not be regenerated
[INFO] running `Command { std: "/workspace/cargo-home/bin/cargo" "+af3c6e733a40e671550e0f0f5aeecaa13772ba56" "fetch" "--locked" "--manifest-path" "Cargo.toml", kill_on_drop: false }`
[INFO] [stderr]     Blocking waiting for file lock on package cache
[INFO] [stderr] error: the lock file /workspace/builds/worker-11/source/Cargo.lock needs to be updated but --locked was passed to prevent this
[INFO] [stderr] If you want to try to generate the lock file without accessing the network, use the --offline flag.
[INFO] the lockfile is outdated, regenerating it
[INFO] running `Command { std: "/workspace/cargo-home/bin/cargo" "+af3c6e733a40e671550e0f0f5aeecaa13772ba56" "generate-lockfile" "--manifest-path" "Cargo.toml" "-Zno-index-update", kill_on_drop: false }`
[INFO] [stderr]     Blocking waiting for file lock on package cache
[INFO] [stderr]     Updating git repository `https://github.com/carllerche/curl-rust/`
[INFO] running `Command { std: "/workspace/cargo-home/bin/cargo" "+af3c6e733a40e671550e0f0f5aeecaa13772ba56" "fetch" "--locked" "--manifest-path" "Cargo.toml", kill_on_drop: false }`
[INFO] [stderr]     Blocking waiting for file lock on package cache
[INFO] [stderr]  Downloading crates ...
[INFO] [stderr]   Downloaded libz-sys v1.1.2
[INFO] running `Command { std: "docker" "create" "-v" "/var/lib/crater-agent-workspace/builds/worker-11/target:/opt/rustwide/target:rw,Z" "-v" "/var/lib/crater-agent-workspace/builds/worker-11/source:/opt/rustwide/workdir:ro,Z" "-v" "/var/lib/crater-agent-workspace/cargo-home:/opt/rustwide/cargo-home:ro,Z" "-v" "/var/lib/crater-agent-workspace/rustup-home:/opt/rustwide/rustup-home:ro,Z" "-e" "SOURCE_DIR=/opt/rustwide/workdir" "-e" "CARGO_TARGET_DIR=/opt/rustwide/target" "-e" "CARGO_HOME=/opt/rustwide/cargo-home" "-e" "RUSTUP_HOME=/opt/rustwide/rustup-home" "-w" "/opt/rustwide/workdir" "-m" "1610612736" "--user" "0:0" "--network" "none" "rustops/crates-build-env@sha256:d92eaeed33fa75130ca1ee6c8a01d1ffb62bac859dfdfb3450e3e5d1c0146529" "/opt/rustwide/cargo-home/bin/cargo" "+af3c6e733a40e671550e0f0f5aeecaa13772ba56" "metadata" "--no-deps" "--format-version=1", kill_on_drop: false }`
[INFO] [stderr] WARNING: Your kernel does not support swap limit capabilities or the cgroup is not mounted. Memory limited without swap.
[INFO] [stdout] 99ee15e1a63a4d4adbdcf757c8dad3802bbd3c24952fdcd9f54c97116f392b5a
[INFO] running `Command { std: "docker" "start" "-a" "99ee15e1a63a4d4adbdcf757c8dad3802bbd3c24952fdcd9f54c97116f392b5a", kill_on_drop: false }`
[INFO] running `Command { std: "docker" "inspect" "99ee15e1a63a4d4adbdcf757c8dad3802bbd3c24952fdcd9f54c97116f392b5a", kill_on_drop: false }`
[INFO] running `Command { std: "docker" "rm" "-f" "99ee15e1a63a4d4adbdcf757c8dad3802bbd3c24952fdcd9f54c97116f392b5a", kill_on_drop: false }`
[INFO] [stdout] 99ee15e1a63a4d4adbdcf757c8dad3802bbd3c24952fdcd9f54c97116f392b5a
[INFO] running `Command { std: "docker" "create" "-v" "/var/lib/crater-agent-workspace/builds/worker-11/target:/opt/rustwide/target:rw,Z" "-v" "/var/lib/crater-agent-workspace/builds/worker-11/source:/opt/rustwide/workdir:ro,Z" "-v" "/var/lib/crater-agent-workspace/cargo-home:/opt/rustwide/cargo-home:ro,Z" "-v" "/var/lib/crater-agent-workspace/rustup-home:/opt/rustwide/rustup-home:ro,Z" "-e" "SOURCE_DIR=/opt/rustwide/workdir" "-e" "CARGO_TARGET_DIR=/opt/rustwide/target" "-e" "CARGO_INCREMENTAL=0" "-e" "RUST_BACKTRACE=full" "-e" "RUSTFLAGS=--cap-lints=forbid" "-e" "CARGO_HOME=/opt/rustwide/cargo-home" "-e" "RUSTUP_HOME=/opt/rustwide/rustup-home" "-w" "/opt/rustwide/workdir" "-m" "1610612736" "--user" "0:0" "--network" "none" "rustops/crates-build-env@sha256:d92eaeed33fa75130ca1ee6c8a01d1ffb62bac859dfdfb3450e3e5d1c0146529" "/opt/rustwide/cargo-home/bin/cargo" "+af3c6e733a40e671550e0f0f5aeecaa13772ba56" "check" "--frozen" "--all" "--all-targets" "--message-format=json", kill_on_drop: false }`
[INFO] [stderr] WARNING: Your kernel does not support swap limit capabilities or the cgroup is not mounted. Memory limited without swap.
[INFO] [stdout] 3b68c676f738340d7fb6250a29f6829782c4d4f25fffb4c738ae4b63ad39ec27
[INFO] running `Command { std: "docker" "start" "-a" "3b68c676f738340d7fb6250a29f6829782c4d4f25fffb4c738ae4b63ad39ec27", kill_on_drop: false }`
[INFO] [stderr]     Checking cfg-if v0.1.10
[INFO] [stderr]    Compiling curl v0.4.33 (https://github.com/carllerche/curl-rust/#87b2cbf7)
[INFO] [stderr]     Checking openssl-probe v0.1.2
[INFO] [stderr]    Compiling libz-sys v1.1.2
[INFO] [stderr]    Compiling curl-sys v0.4.36+curl-7.72.0 (https://github.com/carllerche/curl-rust/#87b2cbf7)
[INFO] [stderr]     Checking openssl-sys v0.9.58
[INFO] [stderr]     Checking socket2 v0.3.15
[INFO] [stderr]     Checking gitignore v0.0.1 (/opt/rustwide/workdir)
[INFO] [stdout] error[E0432]: unresolved import `curl::http`
[INFO] [stdout]  --> src/bin/gitignore.rs:4:5
[INFO] [stdout]   |
[INFO] [stdout] 4 | use curl::http;
[INFO] [stdout]   |     ^^^^^^^^^^ no `http` in the root
[INFO] [stdout] 
[INFO] [stdout] 
[INFO] [stdout] error[E0432]: unresolved import `std::io::File`
[INFO] [stdout]  --> src/bin/gitignore.rs:5:5
[INFO] [stdout]   |
[INFO] [stdout] 5 | use std::io::File;
[INFO] [stdout]   |     ^^^^^^^^^^^^^ no `File` in `io`
[INFO] [stdout] 
[INFO] [stdout] 
[INFO] [stdout] error[E0425]: cannot find function `args` in module `os`
[INFO] [stdout]   --> src/bin/gitignore.rs:21:18
[INFO] [stdout]    |
[INFO] [stdout] 21 |   let args = os::args();
[INFO] [stdout]    |                  ^^^^ not found in `os`
[INFO] [stdout]    |
[INFO] [stdout] help: consider importing this function
[INFO] [stdout]    |
[INFO] [stdout] 4  | use std::env::args;
[INFO] [stdout]    |
[INFO] [stdout] 
[INFO] [stdout] 
[INFO] [stdout] error[E0433]: failed to resolve: use of undeclared type or module `Path`
[INFO] [stdout]   --> src/bin/gitignore.rs:38:18
[INFO] [stdout]    |
[INFO] [stdout] 38 |       let path = Path::new(".gitignore");
[INFO] [stdout]    |                  ^^^^ not found in this scope
[INFO] [stdout]    |
[INFO] [stdout] help: consider importing this struct
[INFO] [stdout]    |
[INFO] [stdout] 4  | use std::path::Path;
[INFO] [stdout]    |
[INFO] [stdout] 
[INFO] [stdout] 
[INFO] [stdout] error[E0432]: unresolved import `curl::http`
[INFO] [stdout]  --> src/bin/gitignore.rs:4:5
[INFO] [stdout]   |
[INFO] [stdout] 4 | use curl::http;
[INFO] [stdout]   |     ^^^^^^^^^^ no `http` in the root
[INFO] [stdout] 
[INFO] [stdout] 
[INFO] [stdout] error[E0432]: unresolved import `std::io::File`
[INFO] [stdout]  --> src/bin/gitignore.rs:5:5
[INFO] [stdout]   |
[INFO] [stdout] 5 | use std::io::File;
[INFO] [stdout]   |     ^^^^^^^^^^^^^ no `File` in `io`
[INFO] [stdout] 
[INFO] [stdout] 
[INFO] [stdout] error[E0425]: cannot find function `args` in module `os`
[INFO] [stdout]   --> src/bin/gitignore.rs:21:18
[INFO] [stdout]    |
[INFO] [stdout] 21 |   let args = os::args();
[INFO] [stdout]    |                  ^^^^ not found in `os`
[INFO] [stdout]    |
[INFO] [stdout] help: consider importing this function
[INFO] [stdout]    |
[INFO] [stdout] 4  | use std::env::args;
[INFO] [stdout]    |
[INFO] [stdout] 
[INFO] [stdout] 
[INFO] [stdout] error[E0433]: failed to resolve: use of undeclared type or module `Path`
[INFO] [stdout]   --> src/bin/gitignore.rs:38:18
[INFO] [stdout]    |
[INFO] [stdout] 38 |       let path = Path::new(".gitignore");
[INFO] [stdout]    |                  ^^^^ not found in this scope
[INFO] [stdout]    |
[INFO] [stdout] help: consider importing this struct
[INFO] [stdout]    |
[INFO] [stdout] 4  | use std::path::Path;
[INFO] [stdout]    |
[INFO] [stdout] 
[INFO] [stdout] 
[INFO] [stdout] error[E0599]: no method named `as_slice` found for struct `String` in the current scope
[INFO] [stdout]   --> src/bin/gitignore.rs:16:11
[INFO] [stdout]    |
[INFO] [stdout] 16 |   get(url.as_slice())
[INFO] [stdout]    |           ^^^^^^^^ method not found in `String`
[INFO] [stdout] 
[INFO] [stdout] 
[INFO] [stdout] error[E0599]: no method named `as_slice` found for struct `String` in the current scope
[INFO] [stdout]   --> src/bin/gitignore.rs:34:24
[INFO] [stdout]    |
[INFO] [stdout] 34 |       let filename = s.as_slice();
[INFO] [stdout]    |                        ^^^^^^^^ method not found in `String`
[INFO] [stdout] 
[INFO] [stdout] 
[INFO] [stdout] error: aborting due to 6 previous errors
[INFO] [stdout] 
[INFO] [stdout] 
[INFO] [stdout] Some errors have detailed explanations: E0425, E0432, E0433, E0599.
[INFO] [stdout] 
[INFO] [stdout] For more information about an error, try `rustc --explain E0425`.
[INFO] [stdout] 
[INFO] [stdout] error[E0599]: no method named `as_slice` found for struct `String` in the current scope
[INFO] [stdout]   --> src/bin/gitignore.rs:16:11
[INFO] [stdout]    |
[INFO] [stdout] 16 |   get(url.as_slice())
[INFO] [stdout]    |           ^^^^^^^^ method not found in `String`
[INFO] [stdout] 
[INFO] [stdout] 
[INFO] [stdout] error[E0599]: no method named `as_slice` found for struct `String` in the current scope
[INFO] [stdout]   --> src/bin/gitignore.rs:34:24
[INFO] [stdout]    |
[INFO] [stdout] 34 |       let filename = s.as_slice();
[INFO] [stdout]    |                        ^^^^^^^^ method not found in `String`
[INFO] [stdout] 
[INFO] [stdout] 
[INFO] [stderr] error: could not compile `gitignore`.
[INFO] [stderr] 
[INFO] [stderr] To learn more, run the command again with --verbose.
[INFO] [stderr] warning: build failed, waiting for other jobs to finish...
[INFO] [stdout] error: aborting due to 6 previous errors
[INFO] [stdout] 
[INFO] [stdout] 
[INFO] [stdout] Some errors have detailed explanations: E0425, E0432, E0433, E0599.
[INFO] [stdout] 
[INFO] [stdout] For more information about an error, try `rustc --explain E0425`.
[INFO] [stdout] 
[INFO] [stderr] error: build failed
[INFO] running `Command { std: "docker" "inspect" "3b68c676f738340d7fb6250a29f6829782c4d4f25fffb4c738ae4b63ad39ec27", kill_on_drop: false }`
[INFO] running `Command { std: "docker" "rm" "-f" "3b68c676f738340d7fb6250a29f6829782c4d4f25fffb4c738ae4b63ad39ec27", kill_on_drop: false }`
[INFO] [stdout] 3b68c676f738340d7fb6250a29f6829782c4d4f25fffb4c738ae4b63ad39ec27
